{"id":1250,"date":"2019-08-26T18:33:09","date_gmt":"2019-08-26T21:33:09","guid":{"rendered":"http:\/\/sonhosdeninarmoveis.com.br\/?post_type=product&#038;p=1250"},"modified":"2021-10-07T13:56:33","modified_gmt":"2021-10-07T16:56:33","slug":"montessoriana-bella-2","status":"publish","type":"product","link":"https:\/\/ninarmoveis.com.br\/?product=montessoriana-bella-2","title":{"rendered":"Mini Cama Montessoriana Bella"},"content":{"rendered":"<blockquote><p>Altura 133 cm<\/p><\/blockquote>\n<ul>\n<li>Largura 82 cm<\/li>\n<li>Profundidade 158 cm.<\/li>\n<li>Peso: 24,66 kg<\/li>\n<li>N\u00e3o acompanha colch\u00e3o.<\/li>\n<li>CARACTER\u00cdSTICAS<\/li>\n<li>100% MDF.<\/li>\n<li>Estrado de riplas Multilaminadas.<\/li>\n<li>Barras laterais com apoio antiqueda.<\/li>\n<li>Colch\u00e3o indicado:150X70X12cm.<\/li>\n<\/ul>\n<p><strong>INFORMA\u00c7\u00d5ES T\u00c9CNICAS<\/strong><\/p>\n<ul>\n<li>Peso: 24,66 Kg<\/li>\n<li>Altura: 133,4cm<\/li>\n<li>Largura: 82,5cm<\/li>\n<li>Profundidade: 158cm<\/li>\n<li>Acompanha Kit Ferragens e Esquema de Montagem (Montagem n\u00e3o inclusa).<\/li>\n<li>Este produto \u00e9 vendido desmontado 02 Volumes embalados em caixas de papel\u00e3o com isopor nas laterais e revestidos com pl\u00e1sticos termoencolh\u00edveis.<\/li>\n<li>Fixa\u00e7\u00e3o \u00e9 feita por Cavilhas e Parafusos.<\/li>\n<\/ul>\n<p><strong>LIMPEZA<\/strong><\/p>\n<ul>\n<li>Limpar utilizando apenas pano umedecido com \u00e1gua, nunca utilizar abrasivos ou esponjas de a\u00e7o.<\/li>\n<\/ul>\n<p><strong>GARANTIA<\/strong><\/p>\n<ul>\n<li>Garantia de 3 Meses (contra defeito de fabrica\u00e7\u00e3o).<\/li>\n<\/ul>\n<p><strong>OBSERVA\u00c7\u00d5ES<\/strong><\/p>\n<ul>\n<li>As dimens\u00f5es est\u00e3o expressas na seguinte forma Altura x Largura e Profundidade em cm. Forrar o ch\u00e3o com o papel\u00e3o das embalagens, aconselhamos a ser feita por um profissional, n\u00e3o expor o m\u00f3vel a fontes de calor ou de umidade.<\/li>\n<li>Op\u00e7\u00e3o de montar seu ambiente juntamente com a Cama Montessoriana Bella, as imagens indicam uma sugest\u00e3o de uso e s\u00e3o apenas ilustrativas, os objetos decorativos n\u00e3o est\u00e3o inclusos<\/li>\n<\/ul>\n","protected":false},"excerpt":{"rendered":"<ol>\n<li>Em formato de casinha, a Cama Montessoriana Bella foi desenvolvida e inspirada no m\u00e9todo Montessori da m\u00e9dica e educadora italiana Maria Montessori. A proposta foi criada no intuito de desenvolver um produto moderno e seguro para que a crian\u00e7a adquira autonomia e uma evolu\u00e7\u00e3o natural de independ\u00eancia durante todo seu processo de crescimento.<\/li>\n<\/ol>\n","protected":false},"featured_media":1676,"comment_status":"open","ping_status":"closed","template":"","meta":[],"_links":{"self":[{"href":"https:\/\/ninarmoveis.com.br\/index.php?rest_route=\/wp\/v2\/product\/1250"}],"collection":[{"href":"https:\/\/ninarmoveis.com.br\/index.php?rest_route=\/wp\/v2\/product"}],"about":[{"href":"https:\/\/ninarmoveis.com.br\/index.php?rest_route=\/wp\/v2\/types\/product"}],"replies":[{"embeddable":true,"href":"https:\/\/ninarmoveis.com.br\/index.php?rest_route=%2Fwp%2Fv2%2Fcomments&post=1250"}],"wp:featuredmedia":[{"embeddable":true,"href":"https:\/\/ninarmoveis.com.br\/index.php?rest_route=\/wp\/v2\/media\/1676"}],"wp:attachment":[{"href":"https:\/\/ninarmoveis.com.br\/index.php?rest_route=%2Fwp%2Fv2%2Fmedia&parent=1250"}],"curies":[{"name":"wp","href":"https:\/\/api.w.org\/{rel}","templated":true}]}}