{"id":5304,"date":"2020-07-17T13:42:46","date_gmt":"2020-07-17T16:42:46","guid":{"rendered":"http:\/\/sonhosdeninarmoveis.com.br\/?post_type=product&#038;p=5304"},"modified":"2021-05-05T19:14:36","modified_gmt":"2021-05-05T22:14:36","slug":"roupeiro-katatau-4-portas-branco","status":"publish","type":"product","link":"https:\/\/ninarmoveis.com.br\/?product=roupeiro-katatau-4-portas-branco","title":{"rendered":"Roupeiro Katatau 4 portas Branco"},"content":{"rendered":"<p><strong>Roupeiro Katatau 4 Portas<\/strong><\/p>\n<ul>\n<li>Largura: 120 cm<\/li>\n<li>Altura: 194 cm<\/li>\n<li>Profundidade: 45 cm<\/li>\n<li>Peso: 68,2 kg<\/li>\n<li><strong>Caracter\u00edsticas:<\/strong><\/li>\n<li>Material: 100% MDF<\/li>\n<li>4 Portas<\/li>\n<li>2 Gavetas<\/li>\n<li>7 Divis\u00f5es internas<\/li>\n<li>Cabideiro<\/li>\n<li>Corredi\u00e7as met\u00e1lica<\/li>\n<li>Puxadores em PVC<\/li>\n<li>6 P\u00e9s de pl\u00e1sticos<\/li>\n<li>Acabamento UV Branco Brilho (At\u00f3xico)<\/li>\n<li>Cor: Branco Brilho<\/li>\n<\/ul>\n","protected":false},"excerpt":{"rendered":"<p>Mam\u00e3e chegou a hora de escolher os mov\u00e9is para o quarto do beb\u00ea? Para voc\u00ea que procuro qualidade e bom pre\u00e7o, preparamos esse lindo guarda-roupa Katatau com 4 portas e 2 gavetas,\u00a0 o conforto que o beb\u00ea merece e a praticidade que a mam\u00e3e vai precisar na hora de deixar todas as roupas e acess\u00f3rios do beb\u00ea organizados.<\/p>\n","protected":false},"featured_media":1598,"comment_status":"open","ping_status":"closed","template":"","meta":[],"_links":{"self":[{"href":"https:\/\/ninarmoveis.com.br\/index.php?rest_route=\/wp\/v2\/product\/5304"}],"collection":[{"href":"https:\/\/ninarmoveis.com.br\/index.php?rest_route=\/wp\/v2\/product"}],"about":[{"href":"https:\/\/ninarmoveis.com.br\/index.php?rest_route=\/wp\/v2\/types\/product"}],"replies":[{"embeddable":true,"href":"https:\/\/ninarmoveis.com.br\/index.php?rest_route=%2Fwp%2Fv2%2Fcomments&post=5304"}],"wp:featuredmedia":[{"embeddable":true,"href":"https:\/\/ninarmoveis.com.br\/index.php?rest_route=\/wp\/v2\/media\/1598"}],"wp:attachment":[{"href":"https:\/\/ninarmoveis.com.br\/index.php?rest_route=%2Fwp%2Fv2%2Fmedia&parent=5304"}],"curies":[{"name":"wp","href":"https:\/\/api.w.org\/{rel}","templated":true}]}}