{"id":5340,"date":"2020-07-17T22:03:43","date_gmt":"2020-07-18T01:03:43","guid":{"rendered":"http:\/\/sonhosdeninarmoveis.com.br\/?post_type=product&#038;p=5340"},"modified":"2021-05-05T19:14:16","modified_gmt":"2021-05-05T22:14:16","slug":"berco-mini-cama-lila-branco-brilho","status":"publish","type":"product","link":"https:\/\/ninarmoveis.com.br\/?product=berco-mini-cama-lila-branco-brilho","title":{"rendered":"Ber\u00e7o Mini Cama Lila Branco Brilho"},"content":{"rendered":"<p><strong>Ber\u00e7o Mini Cama Lila<\/strong><\/p>\n<ul>\n<li>Altura: 109 cm<\/li>\n<li>Comprimento: 154 cm<\/li>\n<li>Profundidade: 75 cm<\/li>\n<li>Peso: 36 kg<\/li>\n<li><strong>Caracter\u00edsticas:<\/strong><\/li>\n<li>Material: 100%\u00a0 MDF<\/li>\n<li>Certificado pelo INMETRO<\/li>\n<li>Transforma-se em mini cama<\/li>\n<li>Padr\u00e3o Americano<\/li>\n<li>2 Regulagens de altura do estrado<\/li>\n<li>Estrado de madeira maci\u00e7a<\/li>\n<li>Grade Fixa<\/li>\n<li>4 Rod\u00edzios<\/li>\n<li>Acompanha suporte para mosquiteiro<\/li>\n<li>Acabamento em verniz fotocurado at\u00f3xico<\/li>\n<li>Colch\u00e3o Recomendado: 130 cm x 70 cm x 12 cm(Densidade: D18)<\/li>\n<li>Cor: Branco Brilho<\/li>\n<\/ul>\n","protected":false},"excerpt":{"rendered":"<p>Vers\u00e1til, o Ber\u00e7o Lila Carolina M\u00f3veis acompanha barras laterais que possibilitam a transforma\u00e7\u00e3o do ber\u00e7o numa mini cama, assim voc\u00ea pode utilizar o m\u00f3vel por mais tempo, durante o crescimento da crian\u00e7a. Possui design moderno e arrojado que faz toda diferen\u00e7a no ambiente. Compacto e pr\u00f3prio para otimizar o espa\u00e7o, preenchendo o cantinho do beb\u00ea com muito estilo, al\u00e9m de garantir seguran\u00e7a e conforto durante a hora de dormir.<\/p>\n","protected":false},"featured_media":5343,"comment_status":"open","ping_status":"closed","template":"","meta":[],"_links":{"self":[{"href":"https:\/\/ninarmoveis.com.br\/index.php?rest_route=\/wp\/v2\/product\/5340"}],"collection":[{"href":"https:\/\/ninarmoveis.com.br\/index.php?rest_route=\/wp\/v2\/product"}],"about":[{"href":"https:\/\/ninarmoveis.com.br\/index.php?rest_route=\/wp\/v2\/types\/product"}],"replies":[{"embeddable":true,"href":"https:\/\/ninarmoveis.com.br\/index.php?rest_route=%2Fwp%2Fv2%2Fcomments&post=5340"}],"wp:featuredmedia":[{"embeddable":true,"href":"https:\/\/ninarmoveis.com.br\/index.php?rest_route=\/wp\/v2\/media\/5343"}],"wp:attachment":[{"href":"https:\/\/ninarmoveis.com.br\/index.php?rest_route=%2Fwp%2Fv2%2Fmedia&parent=5340"}],"curies":[{"name":"wp","href":"https:\/\/api.w.org\/{rel}","templated":true}]}}