{"id":5376,"date":"2020-07-18T00:14:00","date_gmt":"2020-07-18T03:14:00","guid":{"rendered":"http:\/\/sonhosdeninarmoveis.com.br\/?post_type=product&#038;p=5376"},"modified":"2021-10-07T13:36:14","modified_gmt":"2021-10-07T16:36:14","slug":"roupeiro-ariel-branco-brilho-4-portas","status":"publish","type":"product","link":"https:\/\/ninarmoveis.com.br\/?product=roupeiro-ariel-branco-brilho-4-portas","title":{"rendered":"Roupeiro Ariel Branco Brilho 4 portas"},"content":{"rendered":"<p><strong>Guarda-Roupa Ariel 4 portas<\/strong><\/p>\n<ul>\n<li>Largura: 125 cm<\/li>\n<li>Altura: 198 cm<\/li>\n<li>Profundidade: 40 cm<\/li>\n<li>Peso: 59,8 kg<\/li>\n<\/ul>\n<p><strong>Caracter\u00edsticas:<\/strong><\/p>\n<ul>\n<li>Material: Em MDF e MDP<\/li>\n<li>4 Portas<\/li>\n<li>2 Gavetas<\/li>\n<li>Divis\u00f5es internas<\/li>\n<li>Cabideiro met\u00e1lico<\/li>\n<li>Puxadores em PVC<\/li>\n<li>Acabamento Brilho UV<\/li>\n<li>Possui suporte para cabides em alum\u00ednio<\/li>\n<li>Corredi\u00e7as Telesc\u00f3picas<\/li>\n<li>Maior Organiza\u00e7\u00e3o e espa\u00e7o<\/li>\n<li>Cor: Branco Brilho<\/li>\n<\/ul>\n","protected":false},"excerpt":{"rendered":"<p>Que tal deixar o quarto do seu filho encantado!!.<br \/>\nCom esse lindo Guarda Roupas Ariel o ambiente fica elegante, charmoso e sem falar que \u00e9 feito com materiais resistente e de \u00f3tima durabilidade.<br \/>\nN\u00e3o perca essa oportunidade, adquira j\u00e1 e mantenha o quarto do seu beb\u00ea com qualidade.<\/p>\n","protected":false},"featured_media":5377,"comment_status":"open","ping_status":"closed","template":"","meta":[],"_links":{"self":[{"href":"https:\/\/ninarmoveis.com.br\/index.php?rest_route=\/wp\/v2\/product\/5376"}],"collection":[{"href":"https:\/\/ninarmoveis.com.br\/index.php?rest_route=\/wp\/v2\/product"}],"about":[{"href":"https:\/\/ninarmoveis.com.br\/index.php?rest_route=\/wp\/v2\/types\/product"}],"replies":[{"embeddable":true,"href":"https:\/\/ninarmoveis.com.br\/index.php?rest_route=%2Fwp%2Fv2%2Fcomments&post=5376"}],"wp:featuredmedia":[{"embeddable":true,"href":"https:\/\/ninarmoveis.com.br\/index.php?rest_route=\/wp\/v2\/media\/5377"}],"wp:attachment":[{"href":"https:\/\/ninarmoveis.com.br\/index.php?rest_route=%2Fwp%2Fv2%2Fmedia&parent=5376"}],"curies":[{"name":"wp","href":"https:\/\/api.w.org\/{rel}","templated":true}]}}