{"id":5549,"date":"2020-07-22T16:18:15","date_gmt":"2020-07-22T19:18:15","guid":{"rendered":"http:\/\/sonhosdeninarmoveis.com.br\/?post_type=product&#038;p=5549"},"modified":"2020-09-30T18:22:34","modified_gmt":"2020-09-30T21:22:34","slug":"dossel-de-teto-olibano-rosa","status":"publish","type":"product","link":"https:\/\/ninarmoveis.com.br\/?product=dossel-de-teto-olibano-rosa","title":{"rendered":"Dossel de Teto Olibano Rosa"},"content":{"rendered":"<p><strong>Dossel de Teto<\/strong><\/p>\n<ul>\n<li>Dimens\u00f5es<\/li>\n<li>Altura: 280 cm<\/li>\n<li>Largura: 40 cm<\/li>\n<li>Profundidade: 40 cm<\/li>\n<li>Peso bruto: 0,7 kg<\/li>\n<\/ul>\n<p><strong>\u00a0 \u00a0 \u00a0 \u00a0 \u00a0Caracter\u00edsticas:<\/strong><\/p>\n<ul>\n<li>Material: Tecido Olibano Branco<\/li>\n<li>F\u00e1cil instala\u00e7\u00e3o<\/li>\n<\/ul>\n<p>&nbsp;<\/p>\n","protected":false},"excerpt":{"rendered":"<p>O Dossel de Teto \u00e9 um adorno especial que torna as camas ainda mais lindas. Possui tecido rosa com babados, tule branco e apliques em formato de cora\u00e7\u00e3o. S\u00e3o lindos detalhes que tornar\u00e3o o ambiente ainda mais bonito e delicado.<\/p>\n","protected":false},"featured_media":5575,"comment_status":"open","ping_status":"closed","template":"","meta":[],"_links":{"self":[{"href":"https:\/\/ninarmoveis.com.br\/index.php?rest_route=\/wp\/v2\/product\/5549"}],"collection":[{"href":"https:\/\/ninarmoveis.com.br\/index.php?rest_route=\/wp\/v2\/product"}],"about":[{"href":"https:\/\/ninarmoveis.com.br\/index.php?rest_route=\/wp\/v2\/types\/product"}],"replies":[{"embeddable":true,"href":"https:\/\/ninarmoveis.com.br\/index.php?rest_route=%2Fwp%2Fv2%2Fcomments&post=5549"}],"wp:featuredmedia":[{"embeddable":true,"href":"https:\/\/ninarmoveis.com.br\/index.php?rest_route=\/wp\/v2\/media\/5575"}],"wp:attachment":[{"href":"https:\/\/ninarmoveis.com.br\/index.php?rest_route=%2Fwp%2Fv2%2Fmedia&parent=5549"}],"curies":[{"name":"wp","href":"https:\/\/api.w.org\/{rel}","templated":true}]}}