{"id":5931,"date":"2020-07-27T15:51:51","date_gmt":"2020-07-27T18:51:51","guid":{"rendered":"http:\/\/sonhosdeninarmoveis.com.br\/?post_type=product&#038;p=5931"},"modified":"2021-05-07T12:18:36","modified_gmt":"2021-05-07T15:18:36","slug":"berco-sofa-sonetto-mini-cama-imbuia-rustico-neve","status":"publish","type":"product","link":"https:\/\/ninarmoveis.com.br\/?product=berco-sofa-sonetto-mini-cama-imbuia-rustico-neve","title":{"rendered":"Ber\u00e7o Sof\u00e1 Sonetto Mini Cama Imbuia Rustico\/Neve"},"content":{"rendered":"<p><strong>Ber\u00e7o Sof\u00e1 Sonetto<\/strong><\/p>\n<ul>\n<li>Altura: 110 cm<\/li>\n<li>Comprimento: 133 cm<\/li>\n<li>Profundidade: 76 cm<\/li>\n<li>Peso: 36 kg<\/li>\n<li><strong>Caracter\u00edsticas:<\/strong><\/li>\n<li>Material: Produzido em 100 % MDF de alta resist\u00eancia<\/li>\n<li>Certificado pelo INMETRO<\/li>\n<li>Padr\u00e3o Americano<\/li>\n<li>3 Regulagens de altura do estrado<\/li>\n<li>Estrado em madeira reflorestada<\/li>\n<li>Grade Fixa em PVC<\/li>\n<li>4 Rod\u00edzios em PVC<\/li>\n<li>Mini cama e sofazinho acompanham o produto<\/li>\n<li>Acompanha suporte para mosquiteiro<\/li>\n<li>Acabamento em pintura verniz at\u00f3xica Brilho<\/li>\n<li>Colch\u00e3o Recomendado: 130 cm x 70 cm x 12 cm(Densidade: D18)<\/li>\n<li>Cor: Imbuia Rustico\/Neve<\/li>\n<\/ul>\n","protected":false},"excerpt":{"rendered":"<p>Idealizado para acompanhar o crescimento do seu beb\u00ea, o ber\u00e7o Sonetto possui tr\u00eas op\u00e7\u00f5es de montagem: ber\u00e7o, mini cama e sof\u00e1. \u00c9 compacto, bonito e delicado. Possui selo de seguran\u00e7a e \u00e9 produzido com pain\u00e9is em MDF e apliques em PVC, as grades em madeira com revestimentos em PVC, estrado em madeira reflorestada. As dicas da montagem acompanha o produto.<\/p>\n","protected":false},"featured_media":5925,"comment_status":"open","ping_status":"closed","template":"","meta":[],"_links":{"self":[{"href":"https:\/\/ninarmoveis.com.br\/index.php?rest_route=\/wp\/v2\/product\/5931"}],"collection":[{"href":"https:\/\/ninarmoveis.com.br\/index.php?rest_route=\/wp\/v2\/product"}],"about":[{"href":"https:\/\/ninarmoveis.com.br\/index.php?rest_route=\/wp\/v2\/types\/product"}],"replies":[{"embeddable":true,"href":"https:\/\/ninarmoveis.com.br\/index.php?rest_route=%2Fwp%2Fv2%2Fcomments&post=5931"}],"wp:featuredmedia":[{"embeddable":true,"href":"https:\/\/ninarmoveis.com.br\/index.php?rest_route=\/wp\/v2\/media\/5925"}],"wp:attachment":[{"href":"https:\/\/ninarmoveis.com.br\/index.php?rest_route=%2Fwp%2Fv2%2Fmedia&parent=5931"}],"curies":[{"name":"wp","href":"https:\/\/api.w.org\/{rel}","templated":true}]}}