{"id":6072,"date":"2020-07-30T11:26:12","date_gmt":"2020-07-30T14:26:12","guid":{"rendered":"http:\/\/sonhosdeninarmoveis.com.br\/?post_type=product&#038;p=6072"},"modified":"2021-08-04T11:33:09","modified_gmt":"2021-08-04T14:33:09","slug":"luminaria-coruja-rosa","status":"publish","type":"product","link":"https:\/\/ninarmoveis.com.br\/?product=luminaria-coruja-rosa","title":{"rendered":"Lumin\u00e1ria Coruja Rosa"},"content":{"rendered":"<ul>\n<li><strong>Dimens\u00f5es<\/strong><\/li>\n<li>Largura: 18 cm<\/li>\n<li>Altura: 27 cm<\/li>\n<li>Profundidade: 15,3 cm<\/li>\n<li>Lampadas: Compactas fluorescentes at\u00e9 10W ou LED compat\u00edvel com abertura inferior da lumin\u00e1ria (l\u00e2mpadas n\u00e3o inclusas); (E-27)<\/li>\n<li>Material: Polietileno<\/li>\n<li>Tens\u00e3o: 110V\/220V<\/li>\n<li>Cabo de for\u00e7a: \u00a0Com interruptor medindo 1,8 m de comprimento<\/li>\n<li>Cuidados:\u2022\u00a0Limpar com pano \u00famido e macio<br \/>\n\u2022\u00a0Teme qu\u00edmicos e abrasivos<\/li>\n<li>Cor: Rosa<\/li>\n<\/ul>\n","protected":false},"excerpt":{"rendered":"<p>A lumin\u00e1ria Coruja \u00e9 super descolada e divertida, combinando com os mais diversos ambientes e idades. Divirta-se customizando seus olhos com a cartela de adesivos que a acompanha.<\/p>\n","protected":false},"featured_media":6076,"comment_status":"open","ping_status":"closed","template":"","meta":[],"_links":{"self":[{"href":"https:\/\/ninarmoveis.com.br\/index.php?rest_route=\/wp\/v2\/product\/6072"}],"collection":[{"href":"https:\/\/ninarmoveis.com.br\/index.php?rest_route=\/wp\/v2\/product"}],"about":[{"href":"https:\/\/ninarmoveis.com.br\/index.php?rest_route=\/wp\/v2\/types\/product"}],"replies":[{"embeddable":true,"href":"https:\/\/ninarmoveis.com.br\/index.php?rest_route=%2Fwp%2Fv2%2Fcomments&post=6072"}],"wp:featuredmedia":[{"embeddable":true,"href":"https:\/\/ninarmoveis.com.br\/index.php?rest_route=\/wp\/v2\/media\/6076"}],"wp:attachment":[{"href":"https:\/\/ninarmoveis.com.br\/index.php?rest_route=%2Fwp%2Fv2%2Fmedia&parent=6072"}],"curies":[{"name":"wp","href":"https:\/\/api.w.org\/{rel}","templated":true}]}}