{"id":6666,"date":"2020-08-10T19:33:36","date_gmt":"2020-08-10T22:33:36","guid":{"rendered":"http:\/\/sonhosdeninarmoveis.com.br\/?post_type=product&#038;p=6666"},"modified":"2021-05-07T10:24:23","modified_gmt":"2021-05-07T13:24:23","slug":"roupeiro-davi-4-portas","status":"publish","type":"product","link":"https:\/\/ninarmoveis.com.br\/?product=roupeiro-davi-4-portas","title":{"rendered":"Roupeiro Davi 4 portas"},"content":{"rendered":"<p><strong>Guarda-Roupa Davi 4 portas<\/strong><\/p>\n<ul>\n<li>Largura: 159,4 cm<\/li>\n<li>Altura: 216,7 cm<\/li>\n<li>Profundidade: 38,7 cm<\/li>\n<li><strong>Caracter\u00edsticas:<\/strong><\/li>\n<\/ul>\n<ul>\n<li>Material: Em MDF<\/li>\n<li>4 Portas<\/li>\n<li>3 Gavetas<\/li>\n<li>Divis\u00f5es internas<\/li>\n<li>Cabideiro met\u00e1lico<\/li>\n<li>Puxadores em ABS<\/li>\n<li>Acabamento acetinado<\/li>\n<li>Detalhes porta vidros temperados<\/li>\n<li>Possui suporte para cabides em alum\u00ednio<\/li>\n<li>Corredi\u00e7as Telesc\u00f3picas<\/li>\n<li>P\u00e9s em madeira<\/li>\n<li>Maior Organiza\u00e7\u00e3o e espa\u00e7o<\/li>\n<li>Cor: Branco, Gengibre<\/li>\n<\/ul>\n","protected":false},"excerpt":{"rendered":"<p>O\u00a0<strong>Guarda-Roupa Davi\u00a04 Portas &#8211; Imaza\u00a0M\u00f3veis<\/strong>\u00a0foi desenvolvido especialmente pensando na organiza\u00e7\u00e3o do quarto do seu filho. Com cabideiro, prateleiras e gavetas, acomoda perfeitamente todas as roupas e outros itens do beb\u00ea.<br \/>\n<strong><br \/>\n<\/strong><\/p>\n","protected":false},"featured_media":6670,"comment_status":"open","ping_status":"closed","template":"","meta":[],"_links":{"self":[{"href":"https:\/\/ninarmoveis.com.br\/index.php?rest_route=\/wp\/v2\/product\/6666"}],"collection":[{"href":"https:\/\/ninarmoveis.com.br\/index.php?rest_route=\/wp\/v2\/product"}],"about":[{"href":"https:\/\/ninarmoveis.com.br\/index.php?rest_route=\/wp\/v2\/types\/product"}],"replies":[{"embeddable":true,"href":"https:\/\/ninarmoveis.com.br\/index.php?rest_route=%2Fwp%2Fv2%2Fcomments&post=6666"}],"wp:featuredmedia":[{"embeddable":true,"href":"https:\/\/ninarmoveis.com.br\/index.php?rest_route=\/wp\/v2\/media\/6670"}],"wp:attachment":[{"href":"https:\/\/ninarmoveis.com.br\/index.php?rest_route=%2Fwp%2Fv2%2Fmedia&parent=6666"}],"curies":[{"name":"wp","href":"https:\/\/api.w.org\/{rel}","templated":true}]}}