{"id":6749,"date":"2020-08-11T15:43:07","date_gmt":"2020-08-11T18:43:07","guid":{"rendered":"http:\/\/sonhosdeninarmoveis.com.br\/?post_type=product&#038;p=6749"},"modified":"2021-05-05T18:38:01","modified_gmt":"2021-05-05T21:38:01","slug":"berco-mini-cama-alegria-branco","status":"publish","type":"product","link":"https:\/\/ninarmoveis.com.br\/?product=berco-mini-cama-alegria-branco","title":{"rendered":"Ber\u00e7o Mini Cama alegria Branco"},"content":{"rendered":"<h3><strong>B<\/strong><strong>er\u00e7o Alegria<\/strong><\/h3>\n<ul>\n<li><strong>Dimens\u00f5es<\/strong><\/li>\n<li>Largura: 133,5 cm<\/li>\n<li>Altura: 89,5 cm<\/li>\n<li>Profundidade: 78,5 cm<\/li>\n<li>Peso; 50 kg<\/li>\n<li><strong>Caracter\u00edsticas<\/strong><\/li>\n<li>Estrutura em MDF de 25, 15 e 12 mm<\/li>\n<li>Pintura UV\/PU (Fosco)<\/li>\n<li>Estrado resistente em madeira, grades fixas<\/li>\n<li>Suporte para mosqueteiro<\/li>\n<li>Suporta at\u00e9 30 Kg<\/li>\n<li>Prateleiras internas<\/li>\n<li>Ideal para colch\u00e3o 70 x 130 cm<\/li>\n<li>Cor: Branco fosco<\/li>\n<\/ul>\n","protected":false},"excerpt":{"rendered":"<p><strong>Ber\u00e7o Mini Cama Alegria\u00a0 &#8211; M\u00f3veis Henn<\/strong><br \/>\nBer\u00e7o Mini Cama\u00a0Alegria Certificado pelo Inmetro, possibilita 3 formas de uso\u00a0para acompanhar o crescimento da crian\u00e7a. Um m\u00f3vel completo, com design contempor\u00e2neo traz\u00a0um charme\u00a0e estilo nos p\u00e9s amadeirados,\u00a0acompanha suporte para mosquiteiro.<\/p>\n","protected":false},"featured_media":6756,"comment_status":"open","ping_status":"closed","template":"","meta":[],"_links":{"self":[{"href":"https:\/\/ninarmoveis.com.br\/index.php?rest_route=\/wp\/v2\/product\/6749"}],"collection":[{"href":"https:\/\/ninarmoveis.com.br\/index.php?rest_route=\/wp\/v2\/product"}],"about":[{"href":"https:\/\/ninarmoveis.com.br\/index.php?rest_route=\/wp\/v2\/types\/product"}],"replies":[{"embeddable":true,"href":"https:\/\/ninarmoveis.com.br\/index.php?rest_route=%2Fwp%2Fv2%2Fcomments&post=6749"}],"wp:featuredmedia":[{"embeddable":true,"href":"https:\/\/ninarmoveis.com.br\/index.php?rest_route=\/wp\/v2\/media\/6756"}],"wp:attachment":[{"href":"https:\/\/ninarmoveis.com.br\/index.php?rest_route=%2Fwp%2Fv2%2Fmedia&parent=6749"}],"curies":[{"name":"wp","href":"https:\/\/api.w.org\/{rel}","templated":true}]}}