{"id":6899,"date":"2020-08-18T12:30:37","date_gmt":"2020-08-18T15:30:37","guid":{"rendered":"http:\/\/sonhosdeninarmoveis.com.br\/?post_type=product&#038;p=6899"},"modified":"2021-05-05T18:37:10","modified_gmt":"2021-05-05T21:37:10","slug":"kit-mini-berco-moises","status":"publish","type":"product","link":"https:\/\/ninarmoveis.com.br\/?product=kit-mini-berco-moises","title":{"rendered":"Kit Mini Ber\u00e7o Mois\u00e9s"},"content":{"rendered":"<ul>\n<li><span data-sheets-userformat=\"{&quot;2&quot;:4867,&quot;3&quot;:{&quot;1&quot;:0},&quot;4&quot;:[null,2,16711935],&quot;11&quot;:4,&quot;12&quot;:0,&quot;15&quot;:&quot;Arial&quot;}\" data-sheets-value=\"{&quot;1&quot;:2,&quot;2&quot;:&quot;Colchonete para beb\u00ea e kids Elizabeth em tecido estampado floral ros\u00ea 180 fios, com enchimento siliconado na lateral e espuma na base. Pode ser levado para diversos lugares como a mam\u00e3e preferir, no ch\u00e3o \u00e9 \u00fatil para os pequenos brincarem e tamb\u00e9m se adapta dentro de cercadinhos. Possui z\u00edper na base e lateral e o material inferior \u00e9 imperme\u00e1vel para facilitar a higieniza\u00e7\u00e3o. Muito macio e confort\u00e1vel \u00e9 indispens\u00e1vel para o dia a dia com o beb\u00ea. Conte\u00fado: 01 Colchonete 62cm x 82cm x 14cm alt. Composi\u00e7\u00e3o: Tecido 100% Algod\u00e3o \/ Enchimento 100% Poli\u00e9ster - 100% Poliuretano Produto exclusivo e artesanal com prazo de entrega diferenciado. Ap\u00f3s a aprova\u00e7\u00e3o do pagamento, conta-se o prazo de fabrica\u00e7\u00e3o + dias de transporte.&quot;}\">Conte\u00fado: 01 Kit Mini Ber\u00e7o 07 pe\u00e7as<\/span><\/li>\n<li><span data-sheets-userformat=\"{&quot;2&quot;:4867,&quot;3&quot;:{&quot;1&quot;:0},&quot;4&quot;:[null,2,16711935],&quot;11&quot;:4,&quot;12&quot;:0,&quot;15&quot;:&quot;Arial&quot;}\" data-sheets-value=\"{&quot;1&quot;:2,&quot;2&quot;:&quot;Colchonete para beb\u00ea e kids Elizabeth em tecido estampado floral ros\u00ea 180 fios, com enchimento siliconado na lateral e espuma na base. Pode ser levado para diversos lugares como a mam\u00e3e preferir, no ch\u00e3o \u00e9 \u00fatil para os pequenos brincarem e tamb\u00e9m se adapta dentro de cercadinhos. Possui z\u00edper na base e lateral e o material inferior \u00e9 imperme\u00e1vel para facilitar a higieniza\u00e7\u00e3o. Muito macio e confort\u00e1vel \u00e9 indispens\u00e1vel para o dia a dia com o beb\u00ea. Conte\u00fado: 01 Colchonete 62cm x 82cm x 14cm alt. Composi\u00e7\u00e3o: Tecido 100% Algod\u00e3o \/ Enchimento 100% Poli\u00e9ster - 100% Poliuretano Produto exclusivo e artesanal com prazo de entrega diferenciado. Ap\u00f3s a aprova\u00e7\u00e3o do pagamento, conta-se o prazo de fabrica\u00e7\u00e3o + dias de transporte.&quot;}\">Comprimento: 105 cm <\/span><\/li>\n<li><span data-sheets-userformat=\"{&quot;2&quot;:4867,&quot;3&quot;:{&quot;1&quot;:0},&quot;4&quot;:[null,2,16711935],&quot;11&quot;:4,&quot;12&quot;:0,&quot;15&quot;:&quot;Arial&quot;}\" data-sheets-value=\"{&quot;1&quot;:2,&quot;2&quot;:&quot;Colchonete para beb\u00ea e kids Elizabeth em tecido estampado floral ros\u00ea 180 fios, com enchimento siliconado na lateral e espuma na base. Pode ser levado para diversos lugares como a mam\u00e3e preferir, no ch\u00e3o \u00e9 \u00fatil para os pequenos brincarem e tamb\u00e9m se adapta dentro de cercadinhos. Possui z\u00edper na base e lateral e o material inferior \u00e9 imperme\u00e1vel para facilitar a higieniza\u00e7\u00e3o. Muito macio e confort\u00e1vel \u00e9 indispens\u00e1vel para o dia a dia com o beb\u00ea. Conte\u00fado: 01 Colchonete 62cm x 82cm x 14cm alt. Composi\u00e7\u00e3o: Tecido 100% Algod\u00e3o \/ Enchimento 100% Poli\u00e9ster - 100% Poliuretano Produto exclusivo e artesanal com prazo de entrega diferenciado. Ap\u00f3s a aprova\u00e7\u00e3o do pagamento, conta-se o prazo de fabrica\u00e7\u00e3o + dias de transporte.&quot;}\">Largura: 40 cm <\/span><\/li>\n<li><span data-sheets-userformat=\"{&quot;2&quot;:4867,&quot;3&quot;:{&quot;1&quot;:0},&quot;4&quot;:[null,2,16711935],&quot;11&quot;:4,&quot;12&quot;:0,&quot;15&quot;:&quot;Arial&quot;}\" data-sheets-value=\"{&quot;1&quot;:2,&quot;2&quot;:&quot;Colchonete para beb\u00ea e kids Elizabeth em tecido estampado floral ros\u00ea 180 fios, com enchimento siliconado na lateral e espuma na base. Pode ser levado para diversos lugares como a mam\u00e3e preferir, no ch\u00e3o \u00e9 \u00fatil para os pequenos brincarem e tamb\u00e9m se adapta dentro de cercadinhos. Possui z\u00edper na base e lateral e o material inferior \u00e9 imperme\u00e1vel para facilitar a higieniza\u00e7\u00e3o. Muito macio e confort\u00e1vel \u00e9 indispens\u00e1vel para o dia a dia com o beb\u00ea. Conte\u00fado: 01 Colchonete 62cm x 82cm x 14cm alt. Composi\u00e7\u00e3o: Tecido 100% Algod\u00e3o \/ Enchimento 100% Poli\u00e9ster - 100% Poliuretano Produto exclusivo e artesanal com prazo de entrega diferenciado. Ap\u00f3s a aprova\u00e7\u00e3o do pagamento, conta-se o prazo de fabrica\u00e7\u00e3o + dias de transporte.&quot;}\">Altura: 23 cm<\/span><\/li>\n<\/ul>\n<p><b>Caracter\u00edsticas<\/b><strong>:<\/strong><\/p>\n<ul>\n<li>Desenvolvido especialmente para ser utilizado em mini ber\u00e7os\/mois\u00e9s, o kit \u00e9 100% algod\u00e3o, deixando seu beb\u00ea muito mais confort\u00e1vel e seguro. Acompanha:<br \/>\n&#8211; 01 cabeceira 40 x 23 cm<br \/>\n&#8211; 01 Edredon 105 x 65 cm<br \/>\n&#8211; 02 laterais 80 x 23 cm<br \/>\n&#8211; 01 len\u00e7ol inferior 65 x 108 cm<br \/>\n&#8211; 01 fronha 35 x 28 cm<br \/>\n&#8211; 01 mosquiteiro 3 m x 1,50 m<br \/>\nObserva\u00e7\u00e3o: o kit ber\u00e7o acompanha os itens descritos acima, n\u00e3o acompanhando\u00a0os demais objetos que ambientam as fotos como m\u00f3veis, pel\u00facias e acess\u00f3rios.<\/li>\n<\/ul>\n","protected":false},"excerpt":{"rendered":"<h5 class=\"t1 f18 text-center\">O mini berc\u0327o e\u0301 arrojado e pra\u0301tico e pode ser colocado em qualquer ambiente da casa, facilitando as atividades do dia a dia. Um luxo com os Kits da Brubrelel.<\/h5>\n","protected":false},"featured_media":6972,"comment_status":"open","ping_status":"closed","template":"","meta":[],"_links":{"self":[{"href":"https:\/\/ninarmoveis.com.br\/index.php?rest_route=\/wp\/v2\/product\/6899"}],"collection":[{"href":"https:\/\/ninarmoveis.com.br\/index.php?rest_route=\/wp\/v2\/product"}],"about":[{"href":"https:\/\/ninarmoveis.com.br\/index.php?rest_route=\/wp\/v2\/types\/product"}],"replies":[{"embeddable":true,"href":"https:\/\/ninarmoveis.com.br\/index.php?rest_route=%2Fwp%2Fv2%2Fcomments&post=6899"}],"wp:featuredmedia":[{"embeddable":true,"href":"https:\/\/ninarmoveis.com.br\/index.php?rest_route=\/wp\/v2\/media\/6972"}],"wp:attachment":[{"href":"https:\/\/ninarmoveis.com.br\/index.php?rest_route=%2Fwp%2Fv2%2Fmedia&parent=6899"}],"curies":[{"name":"wp","href":"https:\/\/api.w.org\/{rel}","templated":true}]}}