{"id":6906,"date":"2020-08-17T17:12:58","date_gmt":"2020-08-17T20:12:58","guid":{"rendered":"http:\/\/sonhosdeninarmoveis.com.br\/?post_type=product&#038;p=6906"},"modified":"2020-09-30T19:20:37","modified_gmt":"2020-09-30T22:20:37","slug":"colchonete-para-bebe-e-kids-varias-cores","status":"publish","type":"product","link":"https:\/\/ninarmoveis.com.br\/?product=colchonete-para-bebe-e-kids-varias-cores","title":{"rendered":"Colchonete para Beb\u00ea e Kids Varias Cores"},"content":{"rendered":"<ul>\n<li><span data-sheets-userformat=\"{&quot;2&quot;:4867,&quot;3&quot;:{&quot;1&quot;:0},&quot;4&quot;:[null,2,16711935],&quot;11&quot;:4,&quot;12&quot;:0,&quot;15&quot;:&quot;Arial&quot;}\" data-sheets-value=\"{&quot;1&quot;:2,&quot;2&quot;:&quot;Colchonete para beb\u00ea e kids Elizabeth em tecido estampado floral ros\u00ea 180 fios, com enchimento siliconado na lateral e espuma na base. Pode ser levado para diversos lugares como a mam\u00e3e preferir, no ch\u00e3o \u00e9 \u00fatil para os pequenos brincarem e tamb\u00e9m se adapta dentro de cercadinhos. Possui z\u00edper na base e lateral e o material inferior \u00e9 imperme\u00e1vel para facilitar a higieniza\u00e7\u00e3o. Muito macio e confort\u00e1vel \u00e9 indispens\u00e1vel para o dia a dia com o beb\u00ea. Conte\u00fado: 01 Colchonete 62cm x 82cm x 14cm alt. Composi\u00e7\u00e3o: Tecido 100% Algod\u00e3o \/ Enchimento 100% Poli\u00e9ster - 100% Poliuretano Produto exclusivo e artesanal com prazo de entrega diferenciado. Ap\u00f3s a aprova\u00e7\u00e3o do pagamento, conta-se o prazo de fabrica\u00e7\u00e3o + dias de transporte.&quot;}\">Conte\u00fado: 01 Colchonete<\/span><\/li>\n<li><span data-sheets-userformat=\"{&quot;2&quot;:4867,&quot;3&quot;:{&quot;1&quot;:0},&quot;4&quot;:[null,2,16711935],&quot;11&quot;:4,&quot;12&quot;:0,&quot;15&quot;:&quot;Arial&quot;}\" data-sheets-value=\"{&quot;1&quot;:2,&quot;2&quot;:&quot;Colchonete para beb\u00ea e kids Elizabeth em tecido estampado floral ros\u00ea 180 fios, com enchimento siliconado na lateral e espuma na base. Pode ser levado para diversos lugares como a mam\u00e3e preferir, no ch\u00e3o \u00e9 \u00fatil para os pequenos brincarem e tamb\u00e9m se adapta dentro de cercadinhos. Possui z\u00edper na base e lateral e o material inferior \u00e9 imperme\u00e1vel para facilitar a higieniza\u00e7\u00e3o. Muito macio e confort\u00e1vel \u00e9 indispens\u00e1vel para o dia a dia com o beb\u00ea. Conte\u00fado: 01 Colchonete 62cm x 82cm x 14cm alt. Composi\u00e7\u00e3o: Tecido 100% Algod\u00e3o \/ Enchimento 100% Poli\u00e9ster - 100% Poliuretano Produto exclusivo e artesanal com prazo de entrega diferenciado. Ap\u00f3s a aprova\u00e7\u00e3o do pagamento, conta-se o prazo de fabrica\u00e7\u00e3o + dias de transporte.&quot;}\">Largura: 62 cm<\/span><\/li>\n<li><span data-sheets-userformat=\"{&quot;2&quot;:4867,&quot;3&quot;:{&quot;1&quot;:0},&quot;4&quot;:[null,2,16711935],&quot;11&quot;:4,&quot;12&quot;:0,&quot;15&quot;:&quot;Arial&quot;}\" data-sheets-value=\"{&quot;1&quot;:2,&quot;2&quot;:&quot;Colchonete para beb\u00ea e kids Elizabeth em tecido estampado floral ros\u00ea 180 fios, com enchimento siliconado na lateral e espuma na base. Pode ser levado para diversos lugares como a mam\u00e3e preferir, no ch\u00e3o \u00e9 \u00fatil para os pequenos brincarem e tamb\u00e9m se adapta dentro de cercadinhos. Possui z\u00edper na base e lateral e o material inferior \u00e9 imperme\u00e1vel para facilitar a higieniza\u00e7\u00e3o. Muito macio e confort\u00e1vel \u00e9 indispens\u00e1vel para o dia a dia com o beb\u00ea. Conte\u00fado: 01 Colchonete 62cm x 82cm x 14cm alt. Composi\u00e7\u00e3o: Tecido 100% Algod\u00e3o \/ Enchimento 100% Poli\u00e9ster - 100% Poliuretano Produto exclusivo e artesanal com prazo de entrega diferenciado. Ap\u00f3s a aprova\u00e7\u00e3o do pagamento, conta-se o prazo de fabrica\u00e7\u00e3o + dias de transporte.&quot;}\">Comprimento: 82 cm<\/span><\/li>\n<li><span data-sheets-userformat=\"{&quot;2&quot;:4867,&quot;3&quot;:{&quot;1&quot;:0},&quot;4&quot;:[null,2,16711935],&quot;11&quot;:4,&quot;12&quot;:0,&quot;15&quot;:&quot;Arial&quot;}\" data-sheets-value=\"{&quot;1&quot;:2,&quot;2&quot;:&quot;Colchonete para beb\u00ea e kids Elizabeth em tecido estampado floral ros\u00ea 180 fios, com enchimento siliconado na lateral e espuma na base. Pode ser levado para diversos lugares como a mam\u00e3e preferir, no ch\u00e3o \u00e9 \u00fatil para os pequenos brincarem e tamb\u00e9m se adapta dentro de cercadinhos. Possui z\u00edper na base e lateral e o material inferior \u00e9 imperme\u00e1vel para facilitar a higieniza\u00e7\u00e3o. Muito macio e confort\u00e1vel \u00e9 indispens\u00e1vel para o dia a dia com o beb\u00ea. Conte\u00fado: 01 Colchonete 62cm x 82cm x 14cm alt. Composi\u00e7\u00e3o: Tecido 100% Algod\u00e3o \/ Enchimento 100% Poli\u00e9ster - 100% Poliuretano Produto exclusivo e artesanal com prazo de entrega diferenciado. Ap\u00f3s a aprova\u00e7\u00e3o do pagamento, conta-se o prazo de fabrica\u00e7\u00e3o + dias de transporte.&quot;}\">Altura: 14 cm <\/span><\/li>\n<li>Composi\u00e7\u00e3o: Tecido 100% Algod\u00e3o \/ Enchimento 100% Poli\u00e9ster &#8211; 100% Poliuretano<\/li>\n<\/ul>\n<p>&nbsp;<\/p>\n","protected":false},"excerpt":{"rendered":"<p>Colchonete para beb\u00ea e kids em tecido estampado 130 fios, com enchimento siliconado na lateral e espuma na base. Pode ser levado para diversos lugares como a mam\u00e3e preferir, no ch\u00e3o \u00e9 \u00fatil para os pequenos brincarem e tamb\u00e9m se adapta dentro de cercadinhos. Possui z\u00edper na base e lateral e o material inferior \u00e9 imperme\u00e1vel para facilitar a higieniza\u00e7\u00e3o. Muito macio e confort\u00e1vel \u00e9 indispens\u00e1vel para o dia a dia com o beb\u00ea.<\/p>\n","protected":false},"featured_media":6928,"comment_status":"open","ping_status":"closed","template":"","meta":[],"_links":{"self":[{"href":"https:\/\/ninarmoveis.com.br\/index.php?rest_route=\/wp\/v2\/product\/6906"}],"collection":[{"href":"https:\/\/ninarmoveis.com.br\/index.php?rest_route=\/wp\/v2\/product"}],"about":[{"href":"https:\/\/ninarmoveis.com.br\/index.php?rest_route=\/wp\/v2\/types\/product"}],"replies":[{"embeddable":true,"href":"https:\/\/ninarmoveis.com.br\/index.php?rest_route=%2Fwp%2Fv2%2Fcomments&post=6906"}],"wp:featuredmedia":[{"embeddable":true,"href":"https:\/\/ninarmoveis.com.br\/index.php?rest_route=\/wp\/v2\/media\/6928"}],"wp:attachment":[{"href":"https:\/\/ninarmoveis.com.br\/index.php?rest_route=%2Fwp%2Fv2%2Fmedia&parent=6906"}],"curies":[{"name":"wp","href":"https:\/\/api.w.org\/{rel}","templated":true}]}}