{"id":7434,"date":"2020-09-14T12:43:48","date_gmt":"2020-09-14T15:43:48","guid":{"rendered":"http:\/\/sonhosdeninarmoveis.com.br\/?post_type=product&#038;p=7434"},"modified":"2021-03-16T17:31:33","modified_gmt":"2021-03-16T20:31:33","slug":"penteadeira-yasmim-patrimar","status":"publish","type":"product","link":"https:\/\/ninarmoveis.com.br\/?product=penteadeira-yasmim-patrimar","title":{"rendered":"Penteadeira Yasmim-Patrimar"},"content":{"rendered":"<ul>\n<li><strong>Dimens\u00f5es:<\/strong><\/li>\n<li>Altura: 137 cm<\/li>\n<li>Largura: 90 cm<\/li>\n<li>Profundidade: 45 cm<\/li>\n<li>Peso: 32,8 kg<\/li>\n<\/ul>\n<p><strong>\u00a0 \u00a0 \u00a0<\/strong><b>Caracter\u00edsticas<\/b>:<\/p>\n<ul>\n<li>Luz de LED<\/li>\n<li>Gaveta com corredi\u00e7as telesc\u00f3picas<\/li>\n<li>Acabamento interno e externo e atr\u00e1s<\/li>\n<li>01 Espelho central<\/li>\n<li>Sapatas protetoras<\/li>\n<li>Versatilidade, pode ser escrivaninha ou mesa para estudo<\/li>\n<li>Banco almofadado incluso<\/li>\n<li>Cor: Branco<\/li>\n<\/ul>\n","protected":false},"excerpt":{"rendered":"<p>Voc\u00ea j\u00e1 conhece a nossa Penteadeira Yasmim? Ela vem com ilumina\u00e7\u00e3o em LED. \u00c9 incr\u00edvel e super pr\u00e1tica, organiza suas maquiagens! Al\u00e9m disso, vem com as famosas corredi\u00e7as telesc\u00f3picas, que permite o deslizamento suave e silencioso da super gaveta. E tamb\u00e9m tem a op\u00e7\u00e3o de utiliza-la como escrivaninha. Simplesmente maravilhosa!<\/p>\n","protected":false},"featured_media":7449,"comment_status":"open","ping_status":"closed","template":"","meta":[],"_links":{"self":[{"href":"https:\/\/ninarmoveis.com.br\/index.php?rest_route=\/wp\/v2\/product\/7434"}],"collection":[{"href":"https:\/\/ninarmoveis.com.br\/index.php?rest_route=\/wp\/v2\/product"}],"about":[{"href":"https:\/\/ninarmoveis.com.br\/index.php?rest_route=\/wp\/v2\/types\/product"}],"replies":[{"embeddable":true,"href":"https:\/\/ninarmoveis.com.br\/index.php?rest_route=%2Fwp%2Fv2%2Fcomments&post=7434"}],"wp:featuredmedia":[{"embeddable":true,"href":"https:\/\/ninarmoveis.com.br\/index.php?rest_route=\/wp\/v2\/media\/7449"}],"wp:attachment":[{"href":"https:\/\/ninarmoveis.com.br\/index.php?rest_route=%2Fwp%2Fv2%2Fmedia&parent=7434"}],"curies":[{"name":"wp","href":"https:\/\/api.w.org\/{rel}","templated":true}]}}