{"id":7478,"date":"2020-09-23T16:24:57","date_gmt":"2020-09-23T19:24:57","guid":{"rendered":"http:\/\/sonhosdeninarmoveis.com.br\/?post_type=product&#038;p=7478"},"modified":"2021-06-18T18:33:31","modified_gmt":"2021-06-18T21:33:31","slug":"roupeiro-alegria-4-portas-henn","status":"publish","type":"product","link":"https:\/\/ninarmoveis.com.br\/?product=roupeiro-alegria-4-portas-henn","title":{"rendered":"Roupeiro Alegria 4 portas Henn"},"content":{"rendered":"<ul>\n<li><strong>Dimens\u00f5es:<\/strong><\/li>\n<li>Altura: 220,5 cm<\/li>\n<li>Largura: 140 cm<\/li>\n<li>Profundidade: 43 cm<\/li>\n<li>Peso: 107 kg<\/li>\n<li>ESPECIFICA\u00c7\u00d5ES:<br \/>\n<strong>\u2022\u00a0<\/strong>Estrutura em 100% MDF<br \/>\n\u2022 Pintura UV\/PU (Fosco)<br \/>\n\u2022 4 portas com dobradi\u00e7as met\u00e1licas<br \/>\n\u2022 4 gavetas com corredi\u00e7as telesc\u00f3picas<br \/>\n\u2022 Detalhes nas portas e gavetas usinadas com cava para pega (puxador)<br \/>\n\u2022 Prateleiras internas<br \/>\n\u2022 Cabideiro em alum\u00ednio<br \/>\n\u2022 Puxadores, rodap\u00e9s e p\u00e9s resistentes em madeira<\/li>\n<\/ul>\n","protected":false},"excerpt":{"rendered":"<p>Para conseguir uma ambienta\u00e7\u00e3o harm\u00f4nica, expressiva e n\u00e3o \u00e9 preciso muito, basta apostar em escolhas certeiras, desta forma, para que isso ocorra \u00e9 necess\u00e1rio dar espa\u00e7o ao seu ambiente para os roupeiros da Henn, com seu design incorporado as tend\u00eancias americanas que retratam um m\u00f3vel elegante e descontra\u00eddo, que vem para o mercado com o prop\u00f3sito de evidenciar ainda mais o seu ambiente.<\/p>\n","protected":false},"featured_media":7482,"comment_status":"open","ping_status":"closed","template":"","meta":[],"_links":{"self":[{"href":"https:\/\/ninarmoveis.com.br\/index.php?rest_route=\/wp\/v2\/product\/7478"}],"collection":[{"href":"https:\/\/ninarmoveis.com.br\/index.php?rest_route=\/wp\/v2\/product"}],"about":[{"href":"https:\/\/ninarmoveis.com.br\/index.php?rest_route=\/wp\/v2\/types\/product"}],"replies":[{"embeddable":true,"href":"https:\/\/ninarmoveis.com.br\/index.php?rest_route=%2Fwp%2Fv2%2Fcomments&post=7478"}],"wp:featuredmedia":[{"embeddable":true,"href":"https:\/\/ninarmoveis.com.br\/index.php?rest_route=\/wp\/v2\/media\/7482"}],"wp:attachment":[{"href":"https:\/\/ninarmoveis.com.br\/index.php?rest_route=%2Fwp%2Fv2%2Fmedia&parent=7478"}],"curies":[{"name":"wp","href":"https:\/\/api.w.org\/{rel}","templated":true}]}}