{"id":7527,"date":"2020-10-20T15:49:27","date_gmt":"2020-10-20T18:49:27","guid":{"rendered":"https:\/\/sonhosdeninarmoveis.com.br\/?post_type=product&#038;p=7527"},"modified":"2022-03-05T16:04:42","modified_gmt":"2022-03-05T19:04:42","slug":"cama-casa-princesa-rosa","status":"publish","type":"product","link":"https:\/\/ninarmoveis.com.br\/?product=cama-casa-princesa-rosa","title":{"rendered":"Cama Casa Princesa Rosa"},"content":{"rendered":"<div class=\"row\">\n<div class=\"col-md-4 col-md-offset-3\">\n<div class=\"dimensoes\">\n<p class=\"titulo\">DIMENS\u00d5ES<\/p>\n<p class=\"texto\">Largura:\u00a0<b>1.000mm<\/b><\/p>\n<p class=\"texto\">Profundidade:<b>2.225mm<\/b><\/p>\n<p class=\"texto\">Altura:\u00a0<b>1.350mm<\/b><\/p>\n<\/div>\n<\/div>\n<div class=\"col-md-4\">\n<div class=\"cubagem\">\n<p class=\"titulo\">CUBAGEM\u00a0<i>m\u00b3:<\/i><b>0,09937m\u00b3<\/b><\/p>\n<\/div>\n<\/div>\n<\/div>\n<div class=\"row\">\n<div class=\"col-md-4 col-md-offset-3\">\n<div class=\"peso\">\n<h4 class=\"titulo\">PESO: <b>37,80Kg<\/b><\/h4>\n<p>Produzida em MDF\/MDP<br \/>\nSuporte Anti Ruido<br \/>\nSapata Anti-Umidade<br \/>\nAcabamento Resistente com Impress\u00e3o UV<br \/>\nPintura Brilhante<br \/>\nCabeceira em Formato de Casa<br \/>\nPrateleiras para acomodar Objetos<br \/>\nA cor do produto pode variar de acordo com a tela de visualiza\u00e7\u00e3o<br \/>\nSuporta at\u00e9 80 kg<br \/>\nIdeal para Colch\u00e3o de Solteiro com 88 cm de Largura<br \/>\nEnviado em 2 Volumes<br \/>\nN\u00e3o Acompanha Colch\u00e3o<br \/>\nN\u00e3o Acompanha Cama Auxiliar<br \/>\nProduto de Alta Qualidade, Design Moderno e Diferenciado<br \/>\nPermite que o Quarto se torne um lugar para Brincadeiras Saud\u00e1veis e Noites de Sono Agrad\u00e1vel<\/p>\n<p>&nbsp;<\/p>\n<\/div>\n<\/div>\n<\/div>\n","protected":false},"excerpt":{"rendered":"<p>DIMENS\u00d5ES Largura:\u00a01.000mm Profundidade:2.225mm Altura:\u00a01.350mm CUBAGEM\u00a0m\u00b3:0,09937m\u00b3 PESO: 37,80Kg Produzida em MDF\/MDP Suporte Anti Ruido Sapata Anti-Umidade Acabamento Resistente com Impress\u00e3o UV Pintura Brilhante Cabeceira em Formato de Casa Prateleiras para acomodar Objetos A cor do produto pode variar de acordo com a tela de visualiza\u00e7\u00e3o Suporta at\u00e9 80 kg Ideal para Colch\u00e3o de Solteiro com 88 cm de Largura Enviado em 2 Volumes N\u00e3o Acompanha Colch\u00e3o N\u00e3o Acompanha Cama Auxiliar Produto de Alta Qualidade, Design Moderno e Diferenciado Permite que o Quarto se torne um&hellip;<\/p>\n","protected":false},"featured_media":7528,"comment_status":"open","ping_status":"closed","template":"","meta":[],"_links":{"self":[{"href":"https:\/\/ninarmoveis.com.br\/index.php?rest_route=\/wp\/v2\/product\/7527"}],"collection":[{"href":"https:\/\/ninarmoveis.com.br\/index.php?rest_route=\/wp\/v2\/product"}],"about":[{"href":"https:\/\/ninarmoveis.com.br\/index.php?rest_route=\/wp\/v2\/types\/product"}],"replies":[{"embeddable":true,"href":"https:\/\/ninarmoveis.com.br\/index.php?rest_route=%2Fwp%2Fv2%2Fcomments&post=7527"}],"wp:featuredmedia":[{"embeddable":true,"href":"https:\/\/ninarmoveis.com.br\/index.php?rest_route=\/wp\/v2\/media\/7528"}],"wp:attachment":[{"href":"https:\/\/ninarmoveis.com.br\/index.php?rest_route=%2Fwp%2Fv2%2Fmedia&parent=7527"}],"curies":[{"name":"wp","href":"https:\/\/api.w.org\/{rel}","templated":true}]}}